{"id":85,"date":"2016-12-06T10:27:02","date_gmt":"2016-12-06T10:27:02","guid":{"rendered":"http:\/\/gyn-veitsbronn.de\/?page_id=85"},"modified":"2020-03-23T12:25:46","modified_gmt":"2020-03-23T12:25:46","slug":"kontakt","status":"publish","type":"page","link":"https:\/\/gyn-veitsbronn.de\/?page_id=85","title":{"rendered":"Kontakt"},"content":{"rendered":"<p>Sie finden uns im \u00c4rztehaus in Siegelsdorf.<\/p>\n<p>F\u00fcrther Str. 26<br \/>\n90587 Veitsbronn-Siegelsdorf<br \/>\nTel 0911 \u2219 47 89 86 33<br \/>\nFax 0911 \u2219 47 89 86 36<br \/>\nMail praxis@gyn-veitsbronn.de<\/p>\n<p>W\u00e4hrend der \u00d6ffnungszeiten sind wir telefonisch oder per E-Mail erreichbar.<\/p>\n<p><strong>Terminvereinbarung bitte nur telefonsich.<\/strong><\/p>\n<p><strong>Bitte haben Sie Verst\u00e4ndnis daf\u00fcr, dass wir keine medizinische Beratung per E-Mail durchf\u00fchren k\u00f6nnen. <\/strong>Bei medizinischen Fragestellungen m\u00f6chten wir Sie bitten pers\u00f6nlich oder telefonisch mit uns in Kontakt zu treten.<\/p>\n<h2>Anfahrt<\/h2>\n<p>\u00d6PNV<br \/>\nVom Bahnhof Siegelsdorf sind es etwa 10 min zu Fu\u00df bis zur Praxis.<br \/>\nN\u00e4chste Bushaltestelle ist Bernbach Raabstra\u00dfe (ca. 300m), Bus 126 &#8211; <span class=\"EFA-Richtung\">F\u00fcrth &#8211; Siegelsdorf &#8211; Cadolzburg bzw. Obermichelbach<\/span>.<\/p>\n<p>PKW<br \/>\nPraxisparkpl\u00e4tze finden Sie in ca. 200 m Entfernung Richtung EDEKA auf der rechten Seite gegen\u00fcber dem M\u00f6belhaus Blomenhofer.<br \/>\n&#8211; Bitte parken Sie nur auf den gekennzeichneten Stellpl\u00e4tzen &#8211;<br \/>\nAlternativ k\u00f6nnen Sie in entgegengesetzter Richtung die \u00f6ffentlichen Parkpl\u00e4tze im Bereich vor der Linden-Apotheke nutzen (mit Parkscheibe kostenlos f\u00fcr 2 Std.).<\/p>\n<p><img data-recalc-dims=\"1\" loading=\"lazy\" decoding=\"async\" data-attachment-id=\"263\" data-permalink=\"https:\/\/gyn-veitsbronn.de\/?attachment_id=263#main\" data-orig-file=\"https:\/\/i0.wp.com\/gyn-veitsbronn.de\/wp-content\/uploads\/2016\/12\/Parken-Praxis.jpg?fit=1334%2C673&amp;ssl=1\" data-orig-size=\"1334,673\" data-comments-opened=\"1\" data-image-meta=\"{&quot;aperture&quot;:&quot;0&quot;,&quot;credit&quot;:&quot;Lilo&quot;,&quot;camera&quot;:&quot;&quot;,&quot;caption&quot;:&quot;&quot;,&quot;created_timestamp&quot;:&quot;1507210422&quot;,&quot;copyright&quot;:&quot;&quot;,&quot;focal_length&quot;:&quot;0&quot;,&quot;iso&quot;:&quot;0&quot;,&quot;shutter_speed&quot;:&quot;0&quot;,&quot;title&quot;:&quot;&quot;,&quot;orientation&quot;:&quot;1&quot;}\" data-image-title=\"Parken Praxis\" data-image-description=\"\" data-image-caption=\"\" data-medium-file=\"https:\/\/i0.wp.com\/gyn-veitsbronn.de\/wp-content\/uploads\/2016\/12\/Parken-Praxis.jpg?fit=300%2C151&amp;ssl=1\" data-large-file=\"https:\/\/i0.wp.com\/gyn-veitsbronn.de\/wp-content\/uploads\/2016\/12\/Parken-Praxis.jpg?fit=620%2C313&amp;ssl=1\" class=\"alignleft wp-image-263 size-full\" src=\"https:\/\/i0.wp.com\/gyn-veitsbronn.de\/wp-content\/uploads\/2016\/12\/Parken-Praxis.jpg?resize=620%2C313\" width=\"620\" height=\"313\" srcset=\"https:\/\/i0.wp.com\/gyn-veitsbronn.de\/wp-content\/uploads\/2016\/12\/Parken-Praxis.jpg?w=1334&amp;ssl=1 1334w, https:\/\/i0.wp.com\/gyn-veitsbronn.de\/wp-content\/uploads\/2016\/12\/Parken-Praxis.jpg?resize=300%2C151&amp;ssl=1 300w, https:\/\/i0.wp.com\/gyn-veitsbronn.de\/wp-content\/uploads\/2016\/12\/Parken-Praxis.jpg?resize=768%2C387&amp;ssl=1 768w, https:\/\/i0.wp.com\/gyn-veitsbronn.de\/wp-content\/uploads\/2016\/12\/Parken-Praxis.jpg?resize=1024%2C517&amp;ssl=1 1024w, https:\/\/i0.wp.com\/gyn-veitsbronn.de\/wp-content\/uploads\/2016\/12\/Parken-Praxis.jpg?resize=753%2C380&amp;ssl=1 753w, https:\/\/i0.wp.com\/gyn-veitsbronn.de\/wp-content\/uploads\/2016\/12\/Parken-Praxis.jpg?w=1240 1240w\" sizes=\"auto, (max-width: 620px) 100vw, 620px\" \/><\/p>\n","protected":false},"excerpt":{"rendered":"<p>Sie finden uns im \u00c4rztehaus in Siegelsdorf. F\u00fcrther Str. 26 90587 Veitsbronn-Siegelsdorf Tel 0911 \u2219 47 89 86 33 Fax 0911 \u2219 47 89 86 36 Mail praxis@gyn-veitsbronn.de W\u00e4hrend der \u00d6ffnungszeiten sind wir telefonisch oder per E-Mail erreichbar. Terminvereinbarung bitte nur telefonsich. Bitte haben Sie Verst\u00e4ndnis daf\u00fcr, dass wir keine medizinische Beratung per E-Mail durchf\u00fchren &hellip; <a href=\"https:\/\/gyn-veitsbronn.de\/?page_id=85\" class=\"more-link\">Weiterlesen <span class=\"screen-reader-text\">Kontakt<\/span><\/a><\/p>\n","protected":false},"author":1,"featured_media":195,"parent":0,"menu_order":6,"comment_status":"closed","ping_status":"closed","template":"","meta":{"advanced_seo_description":"","jetpack_seo_html_title":"","jetpack_seo_noindex":false,"jetpack_post_was_ever_published":false,"footnotes":""},"class_list":["post-85","page","type-page","status-publish","has-post-thumbnail","hentry","with-featured-image"],"jetpack_sharing_enabled":true,"jetpack_shortlink":"https:\/\/wp.me\/P8biwA-1n","jetpack-related-posts":[],"_links":{"self":[{"href":"https:\/\/gyn-veitsbronn.de\/index.php?rest_route=\/wp\/v2\/pages\/85","targetHints":{"allow":["GET"]}}],"collection":[{"href":"https:\/\/gyn-veitsbronn.de\/index.php?rest_route=\/wp\/v2\/pages"}],"about":[{"href":"https:\/\/gyn-veitsbronn.de\/index.php?rest_route=\/wp\/v2\/types\/page"}],"author":[{"embeddable":true,"href":"https:\/\/gyn-veitsbronn.de\/index.php?rest_route=\/wp\/v2\/users\/1"}],"replies":[{"embeddable":true,"href":"https:\/\/gyn-veitsbronn.de\/index.php?rest_route=%2Fwp%2Fv2%2Fcomments&post=85"}],"version-history":[{"count":10,"href":"https:\/\/gyn-veitsbronn.de\/index.php?rest_route=\/wp\/v2\/pages\/85\/revisions"}],"predecessor-version":[{"id":371,"href":"https:\/\/gyn-veitsbronn.de\/index.php?rest_route=\/wp\/v2\/pages\/85\/revisions\/371"}],"wp:featuredmedia":[{"embeddable":true,"href":"https:\/\/gyn-veitsbronn.de\/index.php?rest_route=\/wp\/v2\/media\/195"}],"wp:attachment":[{"href":"https:\/\/gyn-veitsbronn.de\/index.php?rest_route=%2Fwp%2Fv2%2Fmedia&parent=85"}],"curies":[{"name":"wp","href":"https:\/\/api.w.org\/{rel}","templated":true}]}}